 number?
True
Is 1405643339 prime?
True
Is 825111389 a composite number?
False
Is 89998875539 a composite number?
True
Is 961771301 a composite number?
False
Is 18406541717 a composite number?
False
Is 207802274359 a composite number?
False
Is 87995461 prime?
True
Is 4222700143 composite?
False
Is 4650631019 prime?
True
Is 140565137873 a prime number?
False
Is 48328648453 prime?
False
Is 52590813269 a prime number?
True
Is 5894079151 prime?
True
Is 65196563 a prime number?
False
Is 634150939 composite?
True
Is 26073218231 prime?
False
Is 1410747883 a composite number?
False
Is 46168663613 composite?
False
Is 2609067007 a prime number?
True
Is 17977758497 a prime number?
True
Is 1679671243 prime?
True
Is 141475515927 prime?
False
Is 1325327473 a prime number?
True
Is 28185523567 composite?
False
Is 5048922833 a composite number?
True
Is 34961753 composite?
True
Is 80176118483 a prime number?
False
Is 1241048867 a composite number?
True
Is 30755945801 composite?
True
Is 21137547851 a composite number?
True
Is 16693230067 prime?
False
Is 560722289 a composite number?
False
Is 819046498 a composite number?
True
Is 326509187 a composite number?
False
Is 6363397631 composite?
False
Is 3546063449 composite?
False
Is 719003717 a prime number?
False
Is 670607507 composite?
False
Is 16615128193 a composite number?
False
Is 9385113371 composite?
True
Is 2165994301 composite?
True
Is 6539185799 composite?
False
Is 383272363 composite?
True
Is 133695241 a prime number?
True
Is 6527682743 prime?
False
Is 4668214867 a composite number?
False
Is 6625400711 prime?
True
Is 2776786267 a composite number?
False
Is 8333934649 prime?
False
Is 162773753059 prime?
True
Is 100608277789 composite?
False
Is 585923593 prime?
True
Is 50331647087 a prime number?
False
Is 182367331 composite?
False
Is 926957387 composite?
True
Is 3107810119 composite?
False
Is 2230285363 a composite number?
False
Is 393809123 a composite number?
True
Is 992555401 prime?
False
Is 14633244709 composite?
False
Is 1114761155 a prime number?
False
Is 1298770985 a prime number?
False
Is 8874534287 a composite number?
False
Is 10884668485 a prime number?
False
Is 87996971581 a composite number?
False
Is 17797973 prime?
False
Is 3978028273 a composite number?
True
Is 1818331 a prime number?
True
Is 104257211 a prime number?
False
Is 149985947 composite?
False
Is 19100513 composite?
True
Is 1548313441 composite?
False
Is 175666027 a composite number?
True
Is 353806834411 a composite number?
False
Is 512156832559 composite?
True
Is 34434540613 a composite number?
True
Is 3708632297 a composite number?
True
Is 464043773 composite?
False
Is 818919097 prime?
False
Is 155190275857 prime?
True
Is 167116883 composite?
False
Is 241670503 prime?
False
Is 498714137 a prime number?
True
Is 7104011857 a composite number?
True
Is 1843350787 a prime number?
False
Is 1121060723 composite?
False
Is 16398336829 composite?
True
Is 879167299 composite?
False
Is 429889457 a prime number?
False
Is 16092197 prime?
False
Is 30587169479 a composite number?
True
Is 29003737883 a prime number?
True
Is 93476534455 a prime number?
False
Is 12449477237 a prime number?
False
Is 46118209231 prime?
True
Is 9486852953 a composite number?
False
Is 35628214901 prime?
True
Is 37505590453 prime?
True
Is 1210721251 prime?
True
Is 13332952453 prime?
False
Is 5037042007 a composite number?
True
Is 6917936281 prime?
False
Is 4750961914 a composite number?
True
Is 2327267053 a composite number?
True
Is 6099460339 a composite number?
True
Is 491423069 prime?
True
Is 1785828647 prime?
True
Is 6828124913 a composite number?
False
Is 34684695499 prime?
False
Is 24915620131 composite?
False
Is 12658142117 prime?
True
Is 210187007 a prime number?
False
Is 100167500603 a prime number?
True
Is 85430161 composite?
True
Is 260237807 a prime number?
True
Is 54182165563 a prime number?
False
Is 41069380519 composite?
True
Is 183236659 a composite number?
True
Is 21789113959 a prime number?
False
Is 19569700067 a prime number?
False
Is 9927602981 a prime number?
False
Is 11161547765 prime?
False
Is 1778753173 a prime number?
True
Is 30470051002 a composite number?
True
Is 132369391493 a composite number?
False
Is 836568193 a composite number?
False
Is 7223626931 a composite number?
False
Is 248917 a prime number?
False
Is 238865158073 a prime number?
True
Is 1013272543 composite?
True
Is 4432172861 a composite number?
True
Is 21309079753 a composite number?
True
Is 41568194413 prime?
False
Is 18117181579 a prime number?
False
Is 1398934217 a prime number?
True
Is 1579748869 composite?
True
Is 18777030101 composite?
True
Is 8883528893 a prime number?
False
Is 6783489959 prime?
True
Is 199588741 prime?
False
Is 2213275447 composite?
True
Is 19315377839 composite?
False
Is 8257444917 prime?
False
Is 51611981 a prime number?
True
Is 236514301 a composite number?
False
Is 55369231 composite?
False
Is 136098571 a prime number?
False
Is 894057721 a prime number?
False
Is 3662443751 composite?
True
Is 9378889399 a composite number?
True
Is 883305949 a prime number?
True
Is 3855529871 composite?
False
Is 19313186297 a composite number?
False
Is 151976794 composite?
True
Is 3470708077 a composite number?
True
Is 11789202301 prime?
True
Is 2833820729 prime?
False
Is 141320411 composite?
False
Is 10169459549 composite?
True
Is 544068793 a composite number?
False
Is 271260401 a prime number?
False
Is 46727687 a prime number?
True
Is 51455773159 composite?
True
Is 858156073 prime?
False
Is 42467731087 a composite number?
False
Is 2979363341 a composite number?
False
Is 578972183 a prime number?
True
Is 678737569 composite?
False
Is 1018940789 a composite number?
True
Is 420490801 a prime number?
False
Is 4099909881 a composite number?
True
Is 47703109 a prime number?
True
Is 73029337651 a composite number?
False
Is 183903173863 a prime number?
True
Is 1298806198 composite?
True
Is 8455687993 composite?
True
Is 211400395 a prime number?
False
Is 18429820789 a composite number?
True
Is 53491541 prime?
True
Is 47762094647 composite?
False
Is 519132983 a prime number?
False
Is 50896981561 prime?
False
Is 1446822239 a composite number?
False
Is 1855621939 composite?
False
Is 198488899745 prime?
False
Is 82275797 composite?
False
Is 3250059641 a prime number?
True
Is 34722761131 a composite number?
False
Is 1119616301 prime?
False
Is 1006042181 a prime number?
False
Is 242939623 a composite number?
False
Is 13313124323 a composite number?
False
Is 2563880791 prime?
True
Is 10368912203 prime?
False
Is 18254194913 prime?
False
Is 19211267189 a composite number?
False
Is 31332976147 composite?
True
Is 1272002717 composite?
False
Is 5456034586 prime?
False
Is 425324083 prime?
True
Is 1061409473 a composite number?
True
Is 6573575111 a composite number?
True
Is 13502014837 composite?
False
Is 274308203 composite?
True
Is 1087392506 a prime number?
False
Is 247709257 a prime number?
False
Is 36939001493 a composite number?
True
Is 813338521 composite?
True
Is 5819434837 prime?
True
Is 452596213 composite?
True
Is 298401113 prime?
False
Is 33082329127 prime?
False
Is 861648581 prime?
True
Is 1517521587 a prime number?
False
Is 4872907709 a prime number?
False
Is 1274166407 prime?
True
Is 68675473 composite?
False
Is 1769344691 composite?
False
Is 84175769 composite?
False
Is 38910861469 a composite number?
True
Is 45471656471 a prime number?
False
Is 11410492417 a prime number?
False
Is 19389122341 composite?
True
Is 4459197583 prime?
True
Is 243131461 prime?
True
Is 82066591 a prime number?
False
Is 69870096689 prime?
False
Is 2635216547 composite?
True
Is 4313609759 a composite number?
False
Is 35081626963 a prime number?
True
Is 19664902801 composite?
False
Is 2118074923 a composite number?
False
Is 971545349 prime?
True
Is 44893091 composite?
False
Is 2959492871 a composite number?
True
Is 505656391 a composite number?
True
Is 200487811 a prime number?
True
Is 1037657399 composite?
True
Is 307585741 prime?
False
Is 244463711 a prime number?
False
Is 212483551951 prime?
False
Is 25253648179 a prime number?
False
Is 199398546197 a prime number?
False
Is 62040816251 composite?
False
Is 419060293 a composite number?
True
Is 1291549603 prime?
True
Is 3275156659 a composite nu